r of 7 and c?
1
Let l(j) = 3*j - 3. Let p be l(10). What is the highest common divisor of p and 3?
3
Suppose s - 2 - 3 = -2*y, -3*y + 2*s = -25. What is the highest common divisor of 10 and y?
5
Let w(m) = 16*m - 9. Let y be w(-12). Let b = 509 + y. Calculate the highest common divisor of b and 28.
28
Let n be 0*(-1)/3 - -5. Suppose n*d - 28 = -8. Suppose x + 2 = 4. What is the greatest common divisor of x and d?
2
Let m be -1 + 1 + -6 + 10. Suppose 242 = m*i - 238. What is the highest common factor of 48 and i?
24
Suppose -d + 3*g + 2*g = 1, 4*d + 3*g - 111 = 0. Calculate the greatest common divisor of d and 4.
4
Let p(w) = w + 8. Let f be p(0). Calculate the greatest common divisor of f and 64.
8
Suppose 5*m = 7*m - 16. What is the greatest common divisor of m and 16?
8
Suppose 0 = 5*o - 109 - 11. Let p be (1/(-4))/((-16)/192). What is the highest common factor of p and o?
3
Let d(j) = -3*j - 2. Let o be d(1). Let v = 7 + o. What is the highest common divisor of v and 3?
1
Suppose -53 - 37 = -5*l. Suppose -2*c + 12 = 2*c. Suppose o = -2*g + c*g - 11, g - 8 = 4*o. Calculate the greatest common divisor of g and l.
6
Let m(o) be the third derivative of -o**2 + 1/6*o**4 - 5/3*o**3 + 0*o + 0. Let a be m(7). Calculate the greatest common factor of 9 and a.
9
Suppose 4*c = -5 - 3. Let r = c - -32. Calculate the greatest common divisor of 10 and r.
10
Suppose 5*d + 2*p - 127 = 0, 7*d - p - 85 = 4*d. Calculate the greatest common factor of d and 45.
9
Let b(m) = -2*m**3 - m**2 + 3*m - 4. Let f be b(-3). Calculate the greatest common factor of f and 80.
16
Suppose l - 3*l + 4 = 0. Suppose -p - 4*y = -21, l*p - y - 4*y = -10. Suppose -w + 0*w = m - 1, 0 = w - 4*m - 21. What is the highest common factor of w and p?
5
Let n = 4 + -5. Let s be ((-12)/16)/(n/64). What is the greatest common factor of s and 6?
6
Suppose 5*d - 1 = -3*a + d, -4*a - d + 10 = 0. Calculate the greatest common factor of a and 9.
3
Let p(f) = -15*f - 5. Suppose l = 3 - 8. Let s = -11 - l. Let w be p(s). What is the greatest common divisor of 17 and w?
17
Suppose -2*u + 0 - 6 = 0, 7 = q - u. Calculate the greatest common divisor of 64 and q.
4
Let u be 0*(-2 + -1)/(-3). Suppose u = p + p - 132. Calculate the highest common factor of 6 and p.
6
Let y = 61 - -233. What is the highest common factor of y and 42?
42
Suppose 3*o - 140 = 5*m, 0*o + m + 46 = o. Suppose 55 = -4*b - s, -4*b + 2*s = -s + 75. Let j be 1/(-1 - 18/b). Calculate the greatest common factor of j and o.
5
Let o = -9 + 12. Suppose o*p - 2*k - 54 = -p, -3*k = 15. What is the highest common factor of 77 and p?
11
Let j be (-16685)/(-94) + -1 + (-1)/2. Calculate the highest common factor of 11 and j.
11
Suppose 0 = 3*u - p - 4*p - 17, 2*u + 5*p = 28. What is the greatest common divisor of u and 72?
9
Let q = 46 + 39. Calculate the highest common divisor of q and 34.
17
Let i = -91 - -98. What is the greatest common divisor of 49 and i?
7
Let l = -1 + 1. Suppose 4*t - 2*h - 28 = 0, 2*t + h - 4*h - 18 = l. Let q be 3*(0 + 26/t). What is the greatest common factor of q and 117?
13
Let t(c) be the third derivative of -c**6/120 + 3*c**5/20 - c**4/3 + 11*c**3/6 - 2*c**2. Let p be t(8). What is the highest common factor of 88 and p?
11
Suppose 5*v + 5 = 0, 27 = 5*h - 2*v - 0*v. Suppose h*j + 4*m - 2*m = 55, -5*m = 2*j - 22. Calculate the greatest common divisor of 11 and j.
11
Let q(b) = -b**2 - b - 5. Let a be q(-6). Let g = a - -63. Suppose 5 - g = -3*h + w, 0 = -h - w + 1. What is the highest common factor of 3 and h?
3
Suppose -5*a + 4*l = -16, a = l + l + 2. What is the greatest common divisor of 4 and a?
4
Suppose -4*n - 47 + 183 = 0. Calculate the highest common factor of 136 and n.
34
Suppose 6*b = 60 + 1410. Calculate the greatest common divisor of b and 35.
35
Let y be (7/(-5) + 3)/((-2)/(-120)). What is the highest common divisor of y and 12?
12
Let x be ((-36)/21)/(-4 + 54/14). Calculate the greatest common factor of 4 and x.
4
Let u(q) = 37*q**3 + q**2. Let h be u(-1). Let x = h + 60. Suppose -s + d = -5*s + 37, 0 = 3*s - d - 19. Calculate the highest common divisor of x and s.
8
Suppose 3*w - 4 = w. Suppose -6*m + 88 = -w*m. Calculate the highest common divisor of m and 2.
2
Suppose -3*z + 0*c = -4*c - 16, 0 = 2*z + 4*c - 44. Let o(r) = -r**3 + 84. Let p be o(0). Calculate the highest common divisor of z and p.
12
Let t = -191 + 228. What is the highest common factor of 74 and t?
37
Let l be (-1 - (0 - 1)) + 15. Calculate the greatest common divisor of 75 and l.
15
Let t(n) = -n + 5. Let p be t(8). Let k be (-6)/p*38/4. What is the highest common factor of 152 and k?
19
Suppose -4*q + 70 = 5*x - 2*x, 0 = -2*x + 4. Calculate the greatest common divisor of 128 and q.
16
Suppose -2*u + u + 108 = 0. What is the greatest common divisor of 12 and u?
12
Let w be 3*((-2)/6 + 1). Let s be 1*w/(-4)*24. Let c be (-914)/s + 2/(-12). Calculate the greatest common factor of c and 19.
19
Let r(d) = -2*d - 5 - d + 3 + 6*d**2 - d**3. Let x be r(5). Calculate the greatest common divisor of 20 and x.
4
Let j = 58 + -31. What is the highest common factor of 3 and j?
3
Let p = -8 - -14. Let w = -2 + p. Calculate the greatest common factor of w and 2.
2
Let u be (-1 - (-3)/(-15))*-15. Suppose g = -g + u. Calculate the greatest common factor of 3 and g.
3
Suppose 6 = 4*g - 2. Calculate the highest common divisor of 3 and g.
1
Suppose 105 = -4*z + 521. Calculate the greatest common divisor of z and 13.
13
Suppose -8*p = -5*p - 84. Let k = -45 + -126. Let v = -101 - k. What is the greatest common divisor of p and v?
14
Let t(j) = -15*j + 5. Let f be t(-4). Let s = 111 - f. Let d be s*3/6*1. What is the highest common divisor of 46 and d?
23
Let w be (-4)/(-18) + 994/63. Calculate the greatest common divisor of 24 and w.
8
Suppose 6 + 27 = i. Let v be ((-1)/3)/((-1)/i). Let t be (-89)/(-2) + 1/(-2). Calculate the highest common factor of t and v.
11
Suppose -6 = z + 1. Let k be 0/(-3 + 1) - z. Calculate the greatest common divisor of k and 28.
7
Let o(s) = 2*s - 13. Let z be o(14). What is the highest common divisor of 225 and z?
15
Let d be 6*(-1 + 237/9). What is the greatest common divisor of d and 19?
19
Suppose -15*t = -18*t + 429. What is the highest common divisor of t and 13?
13
Let j(y) = 2*y**3 - 4*y**2 + 3*y. Let o be j(2). Suppose o*d = 3*d + 3. Suppose 3*v + 1 - 13 = 0. Calculate the greatest common divisor of d and v.
1
Suppose p - 3*p - 14 = s, 4*s + 4*p + 40 = 0. Let b be 9 + 2/s*3. Suppose -48 = -0*y - 4*y. Calculate the highest common factor of y and b.
4
Suppose 0 = -5*p + 121 + 19. Calculate the greatest common factor of 70 and p.
14
Let k be (-13)/(2 - (-45)/(-24)). Let v be (2 - 5)/(-3) - k. What is the highest common divisor of v and 15?
15
Let o = 6 + -2. Suppose -2*f + 37 = o*x - 27, f - 36 = -3*x. Let z = 177 - 117. What is the highest common divisor of f and z?
12
Suppose 7*h = 2*h. Suppose 4*l + h*l = 116. What is the greatest common factor of 145 and l?
29
Suppose 2*i = -3*i - 4*d + 1564, 4*i - 1246 = 2*d. What is the greatest common factor of 39 and i?
39
Suppose 0 = 5*x - x - 20. Let b be (-1)/2 + (-306)/(-4). Suppose -4*o + 105 = x*f - 9*o, 4*f - b = -4*o. What is the greatest common factor of 30 and f?
10
Let d = -2 + 2. Suppose d = 3*p - o + 13, -p = 4*p - 4*o + 10. Let a be 20/p*(-54)/15. What is the greatest common factor of 4 and a?
4
Let a = 8 - -2. Suppose -5*r = -a, 3*p - 18 = r + 37. Calculate the highest common divisor of p and 19.
19
Let u = -13 + 28. Let w = -72 - -101. Suppose -t + w + 16 = 0. What is the highest common factor of t and u?
15
Let s be -2 + -4 + (0 - -26). Calculate the greatest common factor of s and 12.
4
Let i(p) = 2*p**2 - 3*p - 5. Let k be i(6). Let a = -12 + 10. Let m be a/6 - (-22)/3. What is the greatest common divisor of k and m?
7
Let o(b) = -b**2 - 3*b - 6. Let s be o(-4). Let y = s - -16. What is the greatest common factor of y and 48?
6
Let j be ((-42)/9)/(2/(-27)). Let k = 370 + -363. What is the greatest common factor of j and k?
7
Let h(k) = -3*k - 25. Let x be h(-14). What is the greatest common factor of 68 and x?
17
Suppose -3*y - 3*z + 441 = 0, 0*z + 156 = y - 2*z. What is the highest common divisor of 30 and y?
30
Suppose -8*g + 4*g = 5*t - 147, -117 = -